r = 70 - 68. Suppose 5*b - 1603 = -r*u, -53 - 1549 = -5*b - 3*u. List the prime factors of b.
3, 107
Let s(j) = 2*j**3 + 4*j**2 - j - 7. Let i be (-35)/(-11) - (-30)/(-165). What are the prime factors of s(i)?
2, 5
Suppose 4*v - 3*b = 205, -5*v + 5*b + 123 + 127 = 0. Suppose 2*c + v = 3*c. What are the prime factors of c?
5, 11
Let d = 2160 + 1567. What are the prime factors of d?
3727
Suppose 0 = -5*o - 5*o + 11700. List the prime factors of o.
2, 3, 5, 13
Suppose 3*x = -5*w + 12, 0*x + 19 = 5*w - 4*x. Suppose c - 2*i = 16, -7 = -w*c - 2*i + 9. List the prime factors of c + -7 + (2 - -14).
17
Let b = 48 + -136. What are the prime factors of (6/33)/1 - 4560/b?
2, 13
Suppose d = 4*x + 268, 3*x - 1072 = 7*d - 11*d. List the prime factors of d.
2, 67
Suppose -2*d + t + 6 = 0, -t = 5*d + 6 - 14. Suppose d*b - 12 = 12. What are the prime factors of ((-45)/b)/(2/(-8))?
3, 5
Suppose 5*h - 2833 = -4*o, -1951 = -3*h + 4*o - 264. What are the prime factors of h?
5, 113
Let t be ((-38)/(-95) - (-3)/5)*-17. Let z(j) = -6*j + 20. What are the prime factors of z(t)?
2, 61
Suppose 61*d + 6 = 59*d, -4*g + 2*d + 3786 = 0. What are the prime factors of g?
3, 5, 7
Let j = 46 + -22. Suppose -7*p + j = -3*p. What are the prime factors of p?
2, 3
Let q be (-1 + (-2)/(-4))/((-12)/(-648)). List the prime factors of 3/2*(-5580)/q.
2, 5, 31
Suppose -l + 7 = l - 3*h, -4*h - 8 = -2*l. Suppose l*r + 36 = 182. What are the prime factors of r?
73
Let o = 18 + -3. What are the prime factors of (-549)/(-15) + 3 - o/25?
3, 13
Suppose 0 = 14*v - 21167 - 2927. List the prime factors of v.
1721
Let g = 1701 - 1150. List the prime factors of g.
19, 29
Suppose 0*b + 4*b = -r + 1234, 0 = -4*r - 8. Suppose -2*m - b = -115. Let a = 164 + m. What are the prime factors of a?
67
Suppose -117*d + 120*d = 6. Let f be 1/4 + 71/4. Suppose d*o - p + f - 106 = 0, -4*o = 3*p - 166. List the prime factors of o.
43
Let r = -28 - -29. Suppose -w + 112 + r = 4*u, 3*u = 5*w + 79. What are the prime factors of u?
2, 7
Let v be ((-28)/(-42))/(2/294). Suppose 3*o + 29 - v = 0. List the prime factors of o.
23
Let h(u) = -u + 5. Let i be h(3). Suppose i*s + s = 159. Suppose -4*b + t - s = -177, -4*b + 2*t + 128 = 0. What are the prime factors of b?
2, 3, 5
Let c be (28/(-12))/(((-26)/(-12))/13). What are the prime factors of (-2 - -9)*(-36)/c?
2, 3
Let f = 116 - 110. Let j(c) = 53*c - 85. List the prime factors of j(f).
233
Suppose 21*f - f - 260 = 0. Let y = 1 + 5. Let n = y + f. List the prime factors of n.
19
Suppose 0 = -5*p - 2*y + 11546, 0 = -3*p + 8*p - y - 11537. List the prime factors of p.
2, 577
Let c(g) = 2*g + 43. Suppose 9*w - 180 = -3*w. What are the prime factors of c(w)?
73
Let m = 579 + -504. List the prime factors of m.
3, 5
Suppose -10*c + 180 = -5*c. Suppose -4*b + 2*b = -c. Let g = b - 12. What are the prime factors of g?
2, 3
Let m be (0 + 1)/((-1)/6). Let f(d) be the third derivative of -d**6/120 - d**5/15 + 5*d**4/12 + 3*d**3/2 + 3*d**2. List the prime factors of f(m).
3, 7
Let x(a) = -9*a**2 + 9*a**2 + a**2 + 5. List the prime factors of x(-6).
41
Suppose 11*x = 10*x - 3. What are the prime factors of (x/1)/((-3)/45*3)?
3, 5
Let l be (7*-2)/(6/(-9)). Suppose -3*m + 48 = -3*q, -5*q + 5 = 3*m - 11. Let c = l + m. List the prime factors of c.
3, 11
Let i(h) be the second derivative of h**3/6 + 3*h**2/2 - 3*h. Let u be i(4). Suppose 12*a - 225 = u*a. List the prime factors of a.
3, 5
Suppose -o + 0*o = 3. Let n be 10*5/((-75)/9). List the prime factors of 152/n*o/2.
2, 19
Let v(p) = p + 2. Let w be v(6). Suppose -6*y + w = -2*y. Suppose y*j = 3*a - 13, 4*a + 4*j - 21 = 3*j. List the prime factors of a.
5
Suppose 10638 = -16*i + 25*i. List the prime factors of i.
2, 3, 197
Suppose -2*a = -74 + 16. Let h = a - 6. Let b = -14 + h. List the prime factors of b.
3
Suppose -2*a + 0*a - 42 = -2*m, 0 = -m - 4*a + 46. Suppose -3*j + 3 = 0, 5*j = -5*k - 11 + m. Suppose o - 9 = -k*o. What are the prime factors of o?
3
Let p(a) = -3*a**2 + 2*a**2 - 9*a**3 + 8*a**3 + 4*a + 3. What are the prime factors of p(-3)?
3
Suppose -3*u + 40 = 2*n + 3*n, -5*n + u = -20. What are the prime factors of (-1148)/(-20) + 3/n?
2, 29
Let y = -501 - -1100. List the prime factors of y.
599
Let a(j) = 2*j**2 + 3*j - 3. Let x be a(-3). Suppose -212 = -x*p + 16. What are the prime factors of p?
2, 19
Suppose -33*w + 29*w + p = -9405, -5*p + 7071 = 3*w. What are the prime factors of w?
2, 3, 7
Let r(d) = -16*d + 8. Let g be r(4). Let l = 28 - 49. Let h = l - g. What are the prime factors of h?
5, 7
Suppose 3*c = -c + 2*r + 998, 3*c + 2*r = 759. List the prime factors of c.
251
Let o = -617 - -955. List the prime factors of o.
2, 13
Suppose 5*y - 4*y - 13 = -3*o, 7 = -3*o + 4*y. Suppose -2*g + 5*g = o. List the prime factors of (-1)/g + 5 + 1.
5
List the prime factors of 114303/(-90)*-4 - 32/240.
2, 5, 127
Let p be -1 - -2 - (-1 + -1). Let h(n) = -6*n + 6*n - p*n + n - 4. List the prime factors of h(-7).
2, 5
Let t be 3 + 3 + (1 - 2). Let q(m) = m**2 - 4*m - 3. Let o be q(t). What are the prime factors of (4/(-1))/o + 9?
7
Suppose -5*i - 3*v + 2*v + 11813 = 0, 0 = -3*i - 3*v + 7083. List the prime factors of i.
17, 139
Let j(q) = -q**2 - 13*q - 20. Let b be j(-9). Suppose 12*g = b*g - 792. List the prime factors of g.
2, 3, 11
Let z(b) = -b**3 + 23*b**2 - 39*b + 42. What are the prime factors of z(18)?
2, 3, 5
Let t = 41 - 24. Let h = -15 + t. Let j = 35 - h. List the prime factors of j.
3, 11
Suppose 3*l - 22 = -58. Let h = l + 17. Suppose -54 = -h*w + 2*w. What are the prime factors of w?
2, 3
Let r = 2810 - -527. List the prime factors of r.
47, 71
Let r(l) = -16*l**3 + 2*l**2 + l. Let j be r(-1). Let d = j + -15. List the prime factors of d.
2
Suppose -7 = i + 3*n, -3*i + n + 9 = -5*i. What are the prime factors of 0/i - (1 + -75)?
2, 37
Let r be -208*(1 + 2)/(-6). Suppose 8 = 2*g, -3*g = -0*d - 2*d - 4. Suppose r - 32 = d*s. What are the prime factors of s?
2, 3
Let q be 43 + 3 + 2 + 1. Suppose 0 = -4*v + q - 9. Suppose -3*z = 5*s + 2, -z = 3*s - 4*s - v. What are the prime factors of z?
2, 3
Suppose 5*y + 2*c - 3 = 5, 12 = y + 3*c. Suppose 0 = 4*u + 2*p - 112, u + y*u = -4*p + 28. What are the prime factors of u?
2, 7
Let a(o) = 85*o**2 - 3*o + 8. List the prime factors of a(2).
2, 3, 19
Suppose -22*g + 225 = -7*g. Suppose g*c = 10*c + 690. What are the prime factors of c?
2, 3, 23
Suppose 3*i = 3*a + 1 + 41, 26 = i + 3*a. Suppose 0 = 2*b + 3*b + 5*q - 75, 3*q = -b + i. List the prime factors of b.
2, 7
Suppose -4*f + 44 = 2*t, -2*f = 2*t + 3*f - 45. Suppose 0 = -11*h + 4*h + 280. Suppose -6*u = -2*u + 2*z - h, 2*u + 2*z = t. What are the prime factors of u?
2, 5
Suppose -2*n = 2*w + 3*n + 30, w - 4*n + 2 = 0. List the prime factors of (-33)/(-7) - w/35.
5
Let l(a) = -a**3 + 7*a**2 - 7*a + 8. Let c be l(6). Suppose -3*h = -c*h - 9. Suppose -9 = -u + h. List the prime factors of u.
2, 3
Let h(j) = -4*j - 4. Let a be h(-2). Suppose -a*n - 3*g = -889, -n = 2*g - 346 + 130. What are the prime factors of n?
2, 113
Suppose 1002 = 5*w - 4*a, 4*w + 2*a - 618 = 168. Suppose w = 2*i + 4*i. Let v = 22 + i. List the prime factors of v.
5, 11
Let d(r) = -r**3 - 6*r**2 - 7*r - 2. Let o be d(-5). Let x = 11 - o. Suppose 7*m - 64 = x*m. What are the prime factors of m?
2
Let t be (2 - -40) + -2 + 1. Let u = -11 + t. List the prime factors of u.
2, 3, 5
Let t(m) = m**3 - 11*m**2 + 2*m + 13. Let i be t(9). Let a = 231 + i. Suppose 0 = 3*q + q - a. List the prime factors of q.
5
Let y(j) = 5*j**2 - 13*j + 8. Let m(a) be the first derivative of 2*a**3 - 7*a**2 + 9*a - 8. Let v(l) = 4*m(l) - 5*y(l). List the prime factors of v(7).
2, 5
Let v(f) = f**2 + f. Let z be v(2). Suppose 3*p - 6 = z*p. List the prime factors of (2 - -3)/((-1)/p).
2, 5
Suppose 2*g = -20 + 30. Suppose -3*d + 5*n = -111, -3*n - 75 = 3*d - g*d. List the prime factors of d.
2, 3, 7
Let l = 14 - 11. Let u(m) = -9*m + 8*m**l - 4*m**2 + 16 - 6*m**2 - 7*m**3. What are the prime factors of u(11)?
2, 19
Let n be ((-28)/84)/((-2)/2388). Let d = 602 - n. What are the prime factors of d?
2, 3, 17
What are the prime factors of (74/6)/((-10)/15330*-7)?
37, 73
What are the prime factors of 119*(21/18 + 11/(-66))?
7, 17
Suppose -270*u = -246*u - 25968. What are the prime fa